ve q(g).
7
Let v = -5 - -9. Let q(t) = 2421*t - 4835*t + 2 + 2412*t. Calculate q(v).
-6
Suppose 0 = 2*n - 0*n - 204. Suppose n - 87 = -15*i. Let k(o) = 3 - 20*o**3 - 10*o**3 - 4. Determine k(i).
29
Let n(c) = -3*c**2 + 3*c - 4. Suppose -8 = 19*x - 56 - 28. What is n(x)?
-40
Let o(f) = -f**3 - 7*f**2 - 4*f - 32. Let j be (-44 - -46) + -1*9. Give o(j).
-4
Let q(c) = -4*c**3 - 4*c**2 + 4*c + 13. Suppose -5*y = -6*y + 3. Let b(f) = -5*f**3 - 3*f**2 + 4*f + 14. Let r(z) = y*b(z) - 4*q(z). Determine r(-8).
-42
Let j(g) = g**3 + 3*g**2 - g - 4. Let d = 6 + -233. Let l = d + 224. What is j(l)?
-1
Let c = 131 + -131. Suppose 4*s - 5*v - 74 + 33 = c, s + 5*v + 21 = 0. Let u(h) = -2*h**2 + 1 + s*h + 0 + 0*h**2 + 2*h. Give u(5).
-19
Let m(o) = -o**3 - 15*o**2 - 13*o + 25. Suppose 126 = 209*j - 218*j. Calculate m(j).
11
Let c(m) be the first derivative of m**6/120 + m**5/12 + m**4/6 + m**3/6 - m**2 + 38*m - 88. Let j(h) be the second derivative of c(h). Determine j(-5).
-19
Let j(x) = 15*x**3 + 4422*x**2 - 886*x - 290. Let g be j(-295). Let u(o) = -2*o. Let r(i) = -i + 1. Let f(d) = -3*r(d) + 2*u(d). Calculate f(g).
-8
Let f(m) = 3 + 0*m**2 - 3*m - m + 10*m**2 - 11*m**2 + 2*m**2. Let v = 57 - 54. Determine f(v).
0
Let b(r) be the second derivative of r**3/6 + 12*r. Suppose 0 = -0*o + 7*o - 126. Suppose 2*v = 8*v + o. Determine b(v).
-3
Let l(u) be the first derivative of -u**2/2 + u - 146421. Let q be (-4)/14 - (-52)/(-14). Let t = 9 + q. Give l(t).
-4
Let a(r) = r**3 - 3*r**2 - 5*r + 6. Let o = 254 + -250. Let h be 14/o + 5/(-2) + 3. Give a(h).
2
Suppose -w = c - 12, -w - 6 = -19*c + 23*c. Let h(p) = p**2 - 20*p + 53. Determine h(w).
17
Let c(w) be the third derivative of 13*w**5/30 - w**4/4 - 2*w**3/3 - 23*w**2 + 11*w. Give c(-1).
28
Let s be ((-5)/(-20) + 0)*36. Suppose -y + s = 3. Suppose -y*n + 24 = 6*n. Let o(g) = g**3 - 3*g + 3. Determine o(n).
5
Let h(j) = -j**3 - 3104 + 1534 + 2*j + 1532 + 12*j**2. Calculate h(12).
-14
Let n be -5 - (5 - (-1 + 2))*1. Let l(p) = -10*p - 79. Let y be l(n). Let r(g) = -g**2 + 12*g - 3. Give r(y).
8
Suppose -3*i = 5*y - 43, 4*y - 12 = -14*i + 13*i. Let n(u) = 7*u - 106. Give n(i).
6
Let u(x) = 318266 - 159144 - 159140 - 4*x. What is u(5)?
-38
Let l(s) = s**3 + 2*s**2 + 4*s + 3. Let k(z) = -2*z**2 + z**2 + 4 - 6*z + 1. Let n be k(-6). Suppose 0 = -m + 5*m + 3*h + 23, 0 = n*m - 3*h - 5. Determine l(m).
-5
Let s(m) = 7 - 22 + 70*m - 16*m - 23*m - 30*m. Calculate s(-2).
-17
Let q(i) = 2*i - 23. Suppose -101*y - 56*y = -1727. Calculate q(y).
-1
Let u(k) = -k**3 - 6*k**2 + 9*k + 10. Let v = -366 + 262. Let h = 97 + v. What is u(h)?
-4
Let t = 3148 + -3144. Let v(u) be the second derivative of -u**6/360 + u**5/60 + u**4/6 - u. Let p(r) be the third derivative of v(r). Determine p(t).
-6
Let q(z) = z**3 - 15*z**2 + 34*z - 46. Let h be q(14). Let b = h - 235. Let c(f) = -33*f - 1. Give c(b).
32
Suppose 6*d + j - 3 = 4*d, -4*d = 5*j - 3. Suppose 0 = -2*y - d, 8*h - 7*h - 8 = 5*y. Let w(f) = -5*f + 2. Calculate w(h).
-13
Suppose -1 = -2*f + f. Let u(g) = 2 - 6 + 2 + 1 + 2 - 7*g**3. Determine u(f).
-6
Let o(s) be the first derivative of -21*s**2 - 108 + 9*s**2 - 3*s - 4*s + 10*s**2 + s. Give o(-7).
22
Suppose -f - 5 = 5*n, 5*f - 57 = n + 48. Let l(g) = -2*g + 35. Give l(f).
-5
Let o(z) = z**2 + z - 2. Let k = 22 + -12. Suppose -k = 3*i - 5*a + 20, -3*a = 3*i + 6. Let n be -5*i/25*-3. Calculate o(n).
4
Suppose 23*d = 19*d + 8. Let n be (12/(-1))/(-11 + 8). Let z(q) = -6*q - n*q + 14*q + 5 - q**d - 8*q. Give z(-4).
5
Let z(d) = d**2 + 17*d + 27. Let o(u) = u**3 - u**2 + 10*u + 17. Let m be o(-2). Give z(m).
-3
Let c be (-684)/(-57)*21/(-4). Let g be (-4)/18*(c - -36). Let l(o) = -o**2 + 4*o + 5. Calculate l(g).
-7
Let p(u) be the first derivative of u**4/2 + 16*u**3/3 + 7*u**2/2 + 51*u - 4519. What is p(-8)?
-5
Let k(a) = 647 - 644 - a**2 + a + 7*a + 2*a**2 + 0*a. Suppose 0 = -b + 5*b + 20. Give k(b).
-12
Let o(i) = -4 - 59*i**2 + 142*i**2 + 4*i - 84*i**2. Suppose 0*l = -l + 4. Give o(l).
-4
Let j(s) be the third derivative of -7*s**4/24 + 7*s**3/6 + 2310*s**2. What is j(-2)?
21
Suppose -10*k + 73 - 193 = 2*k. Let w(r) = -r**3 - 12*r**2 - 11*r - 3. Give w(k).
-93
Let c(q) = -1 - 5*q**2 - 2*q + q**3 - 7 + 5 + 0*q**3 + 6*q**2. Suppose -3*u = -4*d - 44, -u - 37 - 7 = 4*d. Let i = d - -9. What is c(i)?
-3
Let t(h) = h**3 + 9*h**2 + 4*h + 16. Suppose 131*a + 252 = 103*a. What is t(a)?
-20
Let x(v) = v - 22. Let p(c) = c**3 - 42*c**2 - 47*c + 154. Let q be p(43). Determine x(q).
-40
Suppose -g - 27 = 17*v - 20*v, -g = -2*v + 16. Let k(d) = -d + 10. Give k(v).
-1
Let i(d) be the third derivative of 7*d**6/120 + d**5/120 + 35*d**3/3 + 183*d**2. Let k(s) be the first derivative of i(s). Calculate k(-1).
20
Let t(f) be the third derivative of -33*f**2 + 0*f - 1/3*f**3 + 0 + 1/3*f**4 + 1/60*f**5. Calculate t(-7).
-9
Let a = 719 - 627. Suppose -12*g - a + 56 = 0. Let p(z) = 2*z - 6*z + z. Give p(g).
9
Let y(r) = -r**2 - 6*r + 2. Let k(m) = 7*m**2 + 23*m + 29. Let a(g) = -k(g) - 6*y(g). Determine a(9).
-5
Let w(c) be the third derivative of 0*c - 7/24*c**4 + c**2 + 1/60*c**5 - 1/2*c**3 + 17. Calculate w(8).
5
Let b(s) = -24*s**2 + 37*s - 5. Let c(i) = -14*i**2 + 20*i - 4. Let p(u) = 3*b(u) - 5*c(u). What is p(6)?
-1
Let g(x) = x**3 - x**2 - x. Let n(q) = q + 2 + 25*q**3 - 6*q - 20*q**3 - 9*q**2. Let i(c) = 6*g(c) - n(c). Let u be 7/((-21)/6) + 4. Determine i(u).
16
Let g be (-35)/(-7) - (2 - -2). Let k be 8/6*(3/2 + 0). Let f(n) = 1 - 74*n**2 - 2*n + 149*n**2 - 74*n**k. Calculate f(g).
0
Let b(s) = -2*s**2 + 20*s - 46. Let l be b(5). Suppose 4*m - 14 = -4*x + 6, -l*m - 5*x + 16 = 0. Let h(o) = -2*o + 18. What is h(m)?
0
Let m(b) be the first derivative of b**2/2 + 12*b - 917. Determine m(14).
26
Let f be 36/27 - 4/(-6). Let v(c) = -f + 6 + 0 - 2127*c - c**2 + 6 + 2117*c. Let s(j) = -j**2 - 1. Let y be s(3). What is v(y)?
10
Let f(q) = 2*q**2 - 12*q + 9. Let g(o) = 7*o**2 - 37*o + 29. Let t(a) = -13*f(a) + 4*g(a). Determine t(-5).
9
Let q(o) = -3*o**3 - o**2 - o. Let z = 268 - 290. Suppose 43 = 4*f + 5*r - 41, 0 = 3*f + r - 63. Let p = z + f. Give q(p).
3
Let n(z) = z**2 + 9*z + 23. Let r be (-1*(-64)/40)/(-3 - 26/(-10)). Calculate n(r).
3
Let n(u) = 11*u**2 - 52*u + 17. Let c(t) = 2*t**2 - 9*t + 1. Let z(o) = -6*c(o) + n(o). Give z(9).
-52
Let j(f) = 4*f**3 + 12*f**2 + 9*f - 13. Let g(b) = -b**3 - 4*b**2 - 3*b + 4. Let h = 107 - 109. Let a(w) = h*j(w) - 7*g(w). Give a(4).
10
Let j(k) = -k**2 + 11*k - 20. Let w(o) = 2*o**2 + 14*o + 28. Let u be w(-4). Suppose 0 = u*h + 22 - 62. What is j(h)?
-10
Let a(v) be the first derivative of -v**4/2 - 4*v**3/3 - 6*v**2 - 18*v + 2409. What is a(-2)?
6
Let i = -4879 + 4880. Let k(o) = -9*o**2 - 3*o + 3. Determine k(i).
-9
Let j = 19 - 11. Let i(z) = -180 + z + 0*z + 4*z - 179 - 6*z + 362. Give i(j).
-5
Let a(b) = 6 - 7*b**2 + 4 + 3*b - 1 - 7*b + 4368*b**3 - 4369*b**3. Let g = 8 - 14. What is a(g)?
-3
Let t(z) = -3*z. Let b(w) = -w**2 - 3*w + 7. Let h be b(-3). Calculate t(h).
-21
Let z(x) be the second derivative of 11*x**3/6 - 80*x**2 - 575*x. Calculate z(15).
5
Let v(p) = -2*p - 24. Suppose -3*m = -5*d + 10, 4*d = 3*d - 2*m + 15. Suppose -3*f = 4*l + 25, 29 - 4 = d*l. Calculate v(f).
6
Let x(g) = 6*g**2 - g**3 + 3*g**3 - 2 - 5*g - 3*g**3. Suppose -4*c = -3*z + 245 + 63, c = 4*z - 77. Let s = -72 - c. Determine x(s).
-2
Let m(x) = 33*x + 1. Let q(f) = 795*f + 33. Let p(w) = -24*m(w) + q(w). Give p(-10).
-21
Let v(z) = -z**3 + 6*z**2 + 6*z - 29. Let w be v(8). Let r = 117 + w. Let j(k) = -k**3 + 9*k**2 - 9*k - 5. Give j(r).
-13
Let d(x) = -x**3 + 3*x**2 + 9*x + 10. Suppose 5 = 3*z + 2*f, -2*z - f = 2*f + 5. Let u be d(z). Let r(s) = -s - 1. Give r(u).
-6
Let i(j) = 38. Let r(c) = -c + 161. Let s(w) = 18*i(w) - 4*r(w). What is s(-6)?
16
Let b(a) be the second derivative of a**4/12 - 7*a**3/3 - 5*a**2 + 25*a - 1. Let m be b(14). Let g(t) = -t**2 - 12*t - 6. What is g(m)?
14
Let m(c) be the third derivative of -c**4/8 - 5*c**3/6 + c**2. Let l = -16 + 19. Suppose 44*f - 4 = 46*f - 4*z, 12 = 4*f - l*z. Calculate m(f).
-23
Let w(f) = -f**2 + 15*f + 54. Let c be w(18). Let i(u) = c*u**2 + 8*u**2 - 7*u**2 - 6*u - 4 + 7*u. Determine i(3).
8
Let o(y) = 61*y**2 + 51*y - 5. Let p(j) = -13*j**2 - 2*j - 1. Let b(n) =